eds digit of 24607623?
6
What is the hundreds digit of 785581?
5
What is the units digit of 611251?
1
What is the units digit of 1156486?
6
What is the units digit of 601807?
7
What is the thousands digit of 55733?
5
What is the hundreds digit of 2319588?
5
What is the ten millions digit of 11010849?
1
What is the thousands digit of 3070899?
0
What is the thousands digit of 1385729?
5
What is the hundred thousands digit of 103892?
1
What is the hundred thousands digit of 2544124?
5
What is the thousands digit of 51813?
1
What is the units digit of 2734209?
9
What is the thousands digit of 190311?
0
What is the tens digit of 591295?
9
What is the units digit of 7527?
7
What is the ten thousands digit of 770882?
7
What is the ten thousands digit of 10639979?
3
What is the millions digit of 1081416?
1
What is the ten thousands digit of 283368?
8
What is the tens digit of 4320478?
7
What is the thousands digit of 3150618?
0
What is the hundred thousands digit of 8580605?
5
What is the ten thousands digit of 2072415?
7
What is the hundred thousands digit of 2595688?
5
What is the hundreds digit of 163599?
5
What is the thousands digit of 32188737?
8
What is the ten thousands digit of 339768?
3
What is the hundreds digit of 2042482?
4
What is the ten thousands digit of 801358?
0
What is the thousands digit of 735224?
5
What is the ten thousands digit of 1368112?
6
What is the hundred thousands digit of 296589?
2
What is the hundred thousands digit of 626560?
6
What is the units digit of 3101994?
4
What is the thousands digit of 303723?
3
What is the units digit of 199471?
1
What is the ten thousands digit of 792377?
9
What is the tens digit of 9519?
1
What is the hundreds digit of 108231?
2
What is the hundred thousands digit of 1615069?
6
What is the thousands digit of 75813?
5
What is the hundreds digit of 173769?
7
What is the thousands digit of 6675490?
5
What is the ten thousands digit of 461234?
6
What is the ten thousands digit of 2503506?
0
What is the thousands digit of 2183987?
3
What is the thousands digit of 1173305?
3
What is the tens digit of 234908?
0
What is the hundreds digit of 881988?
9
What is the ten thousands digit of 2819335?
1
What is the millions digit of 1941112?
1
What is the hundreds digit of 10130688?
6
What is the hundreds digit of 16261061?
0
What is the ten thousands digit of 29742153?
4
What is the tens digit of 56971?
7
What is the hundreds digit of 127838?
8
What is the hundred thousands digit of 110071?
1
What is the hundred thousands digit of 18350470?
3
What is the ten thousands digit of 10741755?
4
What is the millions digit of 5653635?
5
What is the ten millions digit of 24094904?
2
What is the thousands digit of 461474?
1
What is the hundreds digit of 4242564?
5
What is the units digit of 208240?
0
What is the tens digit of 36233?
3
What is the hundreds digit of 7800538?
5
What is the hundreds digit of 14870333?
3
What is the units digit of 79916?
6
What is the millions digit of 4802901?
4
What is the units digit of 21475?
5
What is the thousands digit of 3315804?
5
What is the hundreds digit of 441474?
4
What is the tens digit of 534704?
0
What is the ten millions digit of 21140813?
2
What is the thousands digit of 348895?
8
What is the hundreds digit of 282954?
9
What is the ten thousands digit of 21864141?
6
What is the thousands digit of 68621?
8
What is the units digit of 960195?
5
What is the hundred thousands digit of 114221?
1
What is the hundreds digit of 82758?
7
What is the thousands digit of 8538888?
8
What is the units digit of 130565?
5
What is the thousands digit of 75016?
5
What is the millions digit of 1078524?
1
What is the hundreds digit of 17369?
3
What is the hundreds digit of 6749755?
7
What is the hundred thousands digit of 2345038?
3
What is the units digit of 942158?
8
What is the units digit of 865806?
6
What is the ten thousands digit of 426094?
2
What is the tens digit of 583217?
1
What is the units digit of 7790?
0
What is the hundreds digit of 33094049?
0
What is the tens digit of 845004?
0
What is the hundred thousands digit of 125167?
1
What is the tens digit of 3429392?
9
What is the units digit of 1279297?
7
What is the tens digit of 88252?
5
What is the hundreds digit of 55275?
2
What is the units digit of 1006331?
1
What is the tens digit of 2607610?
1
What is the tens digit of 45291?
9
What is the tens digit of 23549393?
9
What is the tens digit of 984797?
9
What is the thousands digit of 10388527?
8
What is the units digit of 4541472?
2
What is the hundreds digit of 6874407?
4
What is the tens digit of 308699?
9
What is the ten thousands digit of 3419441?
1
What is the tens digit of 721828?
2
What is the ten thousands digit of 2774881?
7
What is the ten millions digit of 18357608?
1
What is the tens digit of 8343676?
7
What is the tens digit of 119830?
3
What is the tens digit of 894859?
5
What is the hundred thousands digit of 9151898?
1
What is the ten thousands digit of 6049661?
4
What is the tens digit of 9415928?
2
What is the tens digit of 9512412?
1
What is the units digit of 1359477?
7
What is the hundred thousands digit of 2151045?
1
What is the ten thousands digit of 208080?
0
What is the hundred thousands digit of 585489?
5
What is the units digit of 339231?
1
What is the hundred thousands digit of 20002294?
0
What is the hundred thousands digit of 2322915?
3
What is the tens digit of 13566195?
9
What is the millions digit of 1071305?
1
What is the units digit of 3532948?
8
What is the hundreds digit of 14547117?
1
What is the hundreds digit of 3009028?
0
What is the thousands digit of 1793170?
3
What is the units digit of 54483?
3
What is the thousands digit of 418818?
8
What is the thousands digit of 6772747?
2
What is the thousands digit of 1163558?
3
What is the millions digit of 2367579?
2
What is the ten thousands digit of 2896258?
9
What is the millions digit of 11663864?
1
What is the millions digit of 3237427?
3
What is the units digit of 222346?
6
What is the units digit of 60519?
9
What is the ten thousands digit of 145645?
4
What is the thousands digit of 415272?
5
What is the ten thousands digit of 147582?
4
What is the units digit of 1005880?
0
What is the hundred thousands digit of 1527769?
5
What is the thousands digit of 575910?
5
What is the units digit of 243379?
9
What is the units digit of 1672957?
7
What is the units digit of 8874?
4
What is the hundred thousands digit of 153922?
1
What is the hundred thousands digit of 851064?
8
What is the hundred thousands digit of 8178112?
1
What is the ten thousands digit of 1222444?
2
What is the millions digit of 12144147?
2
What is the thousands digit of 3953253?
3
What is the ten thousands digit of 272633?
7
What is the thousands digit of 656112?
6
What is the hundreds digit of 510133?
1
What is the hundred thousands digit of 784326?
7
What is the millions digit of 2902457?
2
What is the units digit of 41418323?
3
What is the hundred thousands digit of 222541?
2
What is the units digit of 63746?
6
What is the tens digit of 35800596?
9
What is the hundreds digit of 281330?
3
What is the thousands digit of 346877?
6
What is the thousands digit of 96296?
6
What is the tens digit of 1840547?
4
What is the hundred thousands digit of 5887011?
8
What is the units digit of 577564?
4
What is the thousands digit of 6573760?
3
What is the tens digit of 12066636?
3
What is the ten thousands digit of 16906247?
0
What is the hundreds digit of 3159052?
0
What is the hundred thousands digit of 1262151?
2
What is the thousands digit of 191540?
1
What is the ten thousands digit of 2174605?
7
What is the hundred thousands digit of 8052535?
0
What is the millions digit of 1328200?
1
What is the ten thousands digit of 9694123?
9
What is the thousands digit of 17788?
7
What is the hundreds digit of 2301194?
1
What is the tens digit of 7684841?
4
What is the ten thousands digit of 2568476?
6
What is the ten thousands digit of 4943641?
4
What is the ten thousands digit of 5571115?
7
What is the thousands digit of 261351?
1
What is the ten thousands digit of 990779?
9
What is the thousands digit of 149917?
9
What is the thousands digit of 80752?
0
What is the units digit of 13490949?
9
What is the hundred thousands d